 - 3*r + 24. Determine s(5).
-16
Let s(m) = -2*m**3 + 9*m**2 - 2*m - 6. What is s(4)?
2
Let v(a) = -a**3 - 25*a**2 - 24*a - 67. Give v(-24).
-67
Let c(y) = -3*y**3 + 3*y**2 + 6*y - 13. Determine c(2).
-13
Let b(l) = 2*l - 29. Calculate b(13).
-3
Let t(l) = l**3 + 9*l**2 + 14*l - 7. Give t(-7).
-7
Let u(c) = -2*c**2 + 9*c + 6. What is u(9)?
-75
Let j(s) = -s**3 - 8*s**2 - s - 2. What is j(-5)?
-72
Let g(w) = -7*w - 11. Determine g(-3).
10
Let b(h) = -2*h**3 + 7*h**2 - 4*h + 5. Give b(3).
2
Let t(u) = 2*u + 46. Give t(-20).
6
Let c(b) = -2*b**2 - 11*b. Give c(-8).
-40
Let a(i) = 4*i + 12. What is a(-9)?
-24
Let h(u) = -u**2 - 19*u - 21. Calculate h(-18).
-3
Let m(r) = 2*r**2 - 8*r + 8. Calculate m(4).
8
Let u(x) = x + 13. What is u(-6)?
7
Let u(f) = 3*f**2 + 13*f - 25. Give u(-6).
5
Let u(v) = v**3 - 6*v**2 - 17*v + 7. Determine u(8).
-1
Let m(z) = 46*z**3 - z**2 - z. Give m(-1).
-46
Let f(o) = o**2 + 12*o + 28. Give f(-8).
-4
Let h(k) = k**3 + 8*k**2 - 5*k - 7. Give h(-6).
95
Let q(r) = -4*r + 15. Give q(8).
-17
Let m(n) = -n**3 + 20*n**2 + n - 4. Give m(20).
16
Let k(x) = -x**3 - 8*x**2. Give k(-8).
0
Let w(d) = 2*d**2 + 4*d - 6. Determine w(2).
10
Let s(x) = 12*x - 82. Determine s(7).
2
Let z(t) = 8*t - 115. Determine z(12).
-19
Let q(u) = 8*u + 75. Determine q(-10).
-5
Let x(v) = -v**3 - 8*v**2 + 12*v - 1. What is x(-10)?
79
Let x(p) = -7*p - 127. Calculate x(-18).
-1
Let a(u) = u**3 + 6*u**2 - 11*u - 81. Calculate a(-5).
-1
Let t(y) = 65*y + 450. What is t(-7)?
-5
Let f(u) = -u**3 + 8*u**2 + 3*u - 6. Calculate f(8).
18
Let b(n) = n + 23. Give b(-14).
9
Let l(k) = -2*k**2 - 4*k - 6. Calculate l(-3).
-12
Let l(u) = -u**2 + 43*u - 154. Give l(39).
2
Let l(q) = q**3 - q**2 + 2*q - 2. Give l(0).
-2
Let l(x) = 28*x**3 + x**2 - 5*x + 5. What is l(1)?
29
Let w(n) = -4*n + 6. Calculate w(6).
-18
Let d(k) = k**3 - 3*k - 6. What is d(0)?
-6
Let g(b) = -8*b + 52. Determine g(21).
-116
Let r(q) = 6*q - 13. What is r(-8)?
-61
Let u(c) = -c**2 - 6*c + 11. Give u(5).
-44
Let v(u) = 57*u**3 + u**2 + u - 1. Calculate v(-1).
-58
Let s(q) = 2*q**3 - 102*q**2 - 2*q + 93. Determine s(51).
-9
Let f(o) = 9*o - 100. Calculate f(7).
-37
Let j(q) = -3*q - 32. What is j(-12)?
4
Let o(k) = 3*k**3 - 3*k**2 + 4. What is o(2)?
16
Let y(r) = r**3 + 7*r**2 + 2*r - 16. Determine y(-5).
24
Let v(j) = -j**2 + 25*j - 132. What is v(12)?
24
Let d(x) = 18*x + 58. Determine d(-4).
-14
Let n(g) = g**2 - 12*g + 1. What is n(12)?
1
Let u(d) = d + 23. What is u(-13)?
10
Let a(f) = 43*f + 5. Calculate a(-1).
-38
Let c(l) = l**3 - 26*l**2 + 27*l - 19. Give c(25).
31
Let y(q) = -q**2 + 18*q - 38. Determine y(13).
27
Let i(b) = -b**3 + 5*b**2 - 4*b + 1. Determine i(4).
1
Let s(z) = -z**2 + 2*z + 4. Give s(-2).
-4
Let l(j) = -78*j - 385. Determine l(-5).
5
Let w(t) = -22*t + 1. Determine w(1).
-21
Let y(o) = 3*o + 1. Give y(-8).
-23
Let x(i) = -2*i**2 - 10*i + 10. Determine x(-6).
-2
Let b(m) = m**3 + 8*m**2 + 9*m + 4. Give b(-7).
-10
Let l(a) = -a**3 - 2*a**2 + a - 1. Determine l(3).
-43
Let w(h) = 3*h**2 - 56*h + 84. Determine w(17).
-1
Let w(y) = -7*y**3 + 2*y**2 - y. What is w(1)?
-6
Let l(s) = 94*s - 8. What is l(0)?
-8
Let j(o) = 6*o**2 + o + 13. Give j(0).
13
Let r(v) = v**2 + 8*v + 48. Calculate r(-7).
41
Let i(n) = n**2 + 55*n + 599. Determine i(-15).
-1
Let w(k) = k**3 + 4*k**2 - 5*k - 7. Determine w(-4).
13
Let q(u) = u**3 - 9*u**2 - u + 9. Give q(9).
0
Let a(t) = -7*t**2 + t + 2. Give a(-2).
-28
Let b(n) = 33*n - 60. What is b(2)?
6
Let u(r) = r**3 - r**2 - 10*r - 1. Calculate u(-2).
7
Let m(i) = 3*i**2 + 41*i - 21. What is m(-14)?
-7
Let n(i) = -2*i**3 - 21*i**2 - 9*i + 7. What is n(-10)?
-3
Let b(h) = 20*h + 1. Determine b(-5).
-99
Let b(f) = -f**3 - 22*f**2 + 21*f - 49. Calculate b(-23).
-3
Let x(r) = 8*r + 70. Calculate x(-22).
-106
Let a(j) = -j**3 - 4*j**2 - 15*j - 60. Calculate a(-4).
0
Let z(k) = 2*k**3 - 2*k**2 - 3*k + 2. Determine z(-2).
-16
Let h(o) = -o**2 + 15*o - 78. What is h(11)?
-34
Let o(s) = -29*s + 183. Calculate o(7).
-20
Let t(r) = -r**3 - 7*r**2 + 4*r + 51. Give t(-6).
-9
Let s(x) = -52*x - 210. Calculate s(-4).
-2
Let u(t) = 4*t + 45. Determine u(6).
69
Let p(t) = -11*t**2 - 47*t + 40. Give p(-5).
0
Let t(k) = -7*k - 6. Give t(5).
-41
Let p(j) = -j**2 - 12*j - 10. What is p(-11)?
1
Let v(y) = 4*y - 5. Determine v(4).
11
Let w(l) = -15*l**2 + 3*l - 2. Determine w(1).
-14
Let i(u) = 10*u - 57. Determine i(8).
23
Let o(p) = -5*p + 8. Calculate o(4).
-12
Let q(z) = -z + 3. Determine q(4).
-1
Let g(a) = -a**2 + 28*a - 14. What is g(0)?
-14
Let b(a) = -a + 4. Calculate b(-2).
6
Let c(n) = n**3 + 10*n**2 + 18*n - 23. Determine c(-7).
-2
Let f(t) = -49*t + 184. Calculate f(4).
-12
Let d(o) = -15*o**2 + 2*o + 1. What is d(-3)?
-140
Let j(l) = -4*l**2 + 4*l - 3. Determine j(2).
-11
Let r(i) = 2*i**2 - 2*i + 10. Give r(4).
34
Let n(q) = -4*q + 39. Calculate n(8).
7
Let o(k) = -k - 6. Give o(11).
-17
Let p(t) = t**3 + 8*t**2 + 9*t + 2. Calculate p(-6).
20
Let z(m) = 2*m**2 + 7*m + 1. Give z(-3).
-2
Let v(q) = -7*q**2 - 35*q + 13. Determine v(-5).
13
Let a(k) = 2*k**2 + 4*k + 1. Determine a(5).
71
Let w(r) = -r**3 - 8*r**2 + 6*r - 22. What is w(-9)?
5
Let u(d) = 50*d + 500. Give u(-10).
0
Let r(o) = -2*o**3 - 3*o**2 + 4*o - 1. Calculate r(-2).
-5
Let o(d) = d**2 - 4. Determine o(3).
5
Let g(v) = -5*v - 39. Give g(-5).
-14
Let h(q) = -q**2 - q - 4. Give h(0).
-4
Let d(u) = -u**2 - 10*u + 72. Calculate d(-15).
-3
Let l(h) = 2*h**3 + 8*h**2 - 6*h - 11. Calculate l(-4).
13
Let u(g) = g**2 + 7*g - 24. Determine u(-10).
6
Let r(a) = -7*a - 113. Determine r(-17).
6
Let w(j) = -j**2 + 3*j + 28. Calculate w(8).
-12
Let c(i) = -i + 13. Calculate c(4).
9
Let m(b) = -b**3 - 6*b**2 + 2*b + 5. What is m(-2)?
-15
Let z(t) = -t**3 - 6*t**2 + 7*t - 6. Give z(-7).
-6
Let k(q) = -q**3 + 18*q**2 + 2*q + 11. What is k(18)?
47
Let g(r) = 6*r**2 + 2*r - 3. Calculate g(1).
5
Let s(u) = 5*u + 65. What is s(-14)?
-5
Let j(a) = a - 11. Determine j(6).
-5
Let g(d) = -23*d - 469. Give g(-20).
-9
Let j(d) = -d**2 + 89*d + 782. Give j(-8).
6
Let a(m) = -6*m + 71. Give a(9).
17
Let h(w) = 212*w - 635. Determine h(3).
1
Let j(r) = 20*r + 27. Determine j(-5).
-73
Let g(x) = 2*x**2 + 11*x + 1. Calculate g(-6).
7
Let m(s) = 4*s**3 + 3*s**2 - 3*s + 1. What is m(1)?
5
Let q(j) = -j**2 - 28*j - 112. Calculate q(-5).
3
Let p(t) = -2*t**2 + 4*t - 2. Determine p(3).
-8
Let z(m) = -11*m - 7. What is z(5)?
-62
Let l(r) = 5*r + 8. Give l(-4).
-12
Let h(p) = -3*p**3 - 4*p**2 - 2*p + 3. Give h(-3).
54
Let v(w) = w**3 - 7*w**2 + 42. Calculate v(6).
6
Let l(j) = 26*j - 6. Determine l(1).
20
Let z(p) = 5*p - 15. Calculate z(10).
35
Let u(s) = 68*s**3 - s. Calculate u(-1).
-67
Let l(t) = -t + 8. What is l(-20)?
28
Let b(c) = -c**3 + 21*c**2 - 38*c - 4. Determine b(19).
-4
Let r(v) = -v + 15. What is r(4)?
11
Let r(o) = 28*o**2 + 1. Determine r(1).
29
Let b(a) = 3*a - 35. Calculate b(10).
-5
Let s(d) = -d**2 - 6*d - 11. Determine s(-5).
-6
Let t(l) = -l**2 + 24*l - 137. Determine t(13).
6
Let i(w) = -31*w. Calculate i(-2).
62
Let n(j) = -2*j**2 - j - 2. Give n(3).
-23
Let i(z) = z + 35. Determine i(-27).
8
Let g(j) = 8*j + 7. Calculate g(4).
39
Let r(s) = -s**3 - 9*s**2 + 7*s - 11. What is r(-10)?
19
Let q(l) = l**3 - 10*l**2 + 21*l - 15. Give q(8).
25
Let t(h) = 4*h + 10. What is t(-6)?
-14
Let d(f) = -f**3 + 9*f**2 - 8*f - 2. Determine d(8).
-2
Let c(h) = -7*h - 2. Calculate c(2).
-16
Let g(q) = -2*q**2 + 75*q + 127. Determine g(39).
10
Let c(o) = o**3 - 12*o**2 - 2*o + 11. Give c(12).
-13
Let m(x) = 23*x - 22. Determine m(3).
47
Let n(z) = 3*z**3 + 9*z**2 - 15*z - 8. What is n(-4)?
4
Let b(c) = -c**2 - 14*c - 38. What is b(-10)?
2
Let r(x) = -x**3 + 7*x**2 - 23. Give r(5).
27
Let b(p) = -p**2 + 4*p + 6. Calculate b(7).
-15
Let m(k) = k**2 + 7*k + 11. Calculate m(-4).
-1
Let d(w) = -3*w**2 - 17*w - 7. Determine d(-5).
3
Let n(t) = -98*t**2 + 2*t + 1. Give n(-1).
-99
Let a(p) = -5*p + 34. What is a(9)?
-11
Let g(t) = -t**2 - 5*t - 17. Calculate g(-3).
-11
Let a(f) = -13*f + 41. Calculate a(3).
2
Let n(v) = 14*v + 34. Calculate n(-8).
-78
Let w(z) = 2*z**3 + 3*z**2 - 3*z. Calculate w(-3).
-18
Let c(f) = f**2 + 6*f - 6. Determine c(-6).
-6
Let o(r) = -2*r**2 + 7. Give o(-3).
-11
Let i(j) = j**3 - 7*j**2 - 5*j + 27